at is 20 + -214322?
-214302
In base 13, what is 399 - -68c?
a58
In base 9, what is 863 - 1654?
-681
In base 6, what is 2440 + 111101?
113541
In base 14, what is 3c23 + -6?
3c1b
In base 13, what is -8 + 11702?
116c7
In base 3, what is 101121101 + 220?
101122021
In base 11, what is 682 - -146?
818
In base 12, what is 18b - -730?
8bb
In base 14, what is -3 - 761b?
-7620
In base 12, what is -3 + -24249?
-24250
In base 3, what is 10100 + 12120?
22220
In base 8, what is 23 + 237?
262
In base 12, what is -7 - 301432?
-301439
In base 16, what is -20 - -3b0?
390
In base 5, what is 14322 - -114012?
133334
In base 6, what is -5443 + -53?
-5540
In base 13, what is 1 - -11511?
11512
In base 6, what is 43140320 - -4?
43140324
In base 13, what is 41 + -14a4?
-1463
In base 11, what is 7 + 431?
438
In base 15, what is -d3 + 255e?
247b
In base 6, what is -234 + 224?
-10
In base 11, what is -4933 + -174?
-4aa7
In base 6, what is 2 - -324114?
324120
In base 5, what is 31 - 234330?
-234244
In base 7, what is -211 + 14516?
14305
In base 14, what is -a293 + d?
-a284
In base 11, what is -4 + -22856a?
-228573
In base 7, what is -23 - -31664?
31641
In base 6, what is -1253 - 12441?
-14134
In base 12, what is 4 - 230098?
-230094
In base 14, what is -4 - 1573?
-1577
In base 12, what is 54669 - 4?
54665
In base 11, what is -58 - 3153?
-3200
In base 16, what is 1 + 1ada3?
1ada4
In base 16, what is 73 - 1381?
-130e
In base 9, what is 107 + 61?
168
In base 12, what is 49b - -2b9?
798
In base 8, what is -1 - -36025?
36024
In base 11, what is -520 - 37?
-557
In base 7, what is -40501 - -261?
-40210
In base 2, what is -1 - -101101110101110001?
101101110101110000
In base 8, what is 333372 + 2?
333374
In base 5, what is -1202 - -1024?
-123
In base 5, what is -130 - -2310011?
2304331
In base 3, what is 110 - 1212121?
-1212011
In base 13, what is -1449b - -3?
-14498
In base 8, what is 0 - -17472?
17472
In base 13, what is -2a9 + -33?
-30c
In base 3, what is 2202210122 + 110?
2202211002
In base 10, what is -8 + -3756?
-3764
In base 13, what is -4110 - 3?
-4113
In base 2, what is -100111000111 - -101?
-100111000010
In base 6, what is -243332 - -4?
-243324
In base 8, what is 3 + 311303?
311306
In base 14, what is -12042 + -20?
-12062
In base 6, what is -23 - -3235?
3212
In base 13, what is -5 + -15326?
-1532b
In base 7, what is 1 - 2124024?
-2124023
In base 7, what is 320533 - -13?
320546
In base 7, what is 5454 - -132?
5616
In base 4, what is 310 - -301102?
302012
In base 2, what is 111110 - -110101011111?
110110011101
In base 14, what is -143 + -13?
-156
In base 16, what is 1f83 + 2b?
1fae
In base 3, what is 10100211 + 11?
10100222
In base 10, what is -61909 - -5?
-61904
In base 2, what is 111101011100101010110 - -10?
111101011100101011000
In base 9, what is 11 - 606?
-585
In base 16, what is 0 + -df0cd?
-df0cd
In base 10, what is 6 - 805?
-799
In base 7, what is -4 - -5156266?
5156262
In base 9, what is -14671 + 4?
-14666
In base 3, what is 1111000000200 - 1?
1111000000122
In base 11, what is -3 - -2386?
2383
In base 16, what is -3ef - 213?
-602
In base 4, what is -213111221 + 11?
-213111210
In base 15, what is 1d2 - 38d?
-1ab
In base 11, what is 23644 + 4?
23648
In base 15, what is -6eb - 65?
-761
In base 16, what is -bdd9 + -8?
-bde1
In base 7, what is 25546 - 341?
25205
In base 16, what is 2cd - 6a?
263
In base 14, what is 60a - -5?
611
In base 13, what is -307a7 + -1?
-307a8
In base 2, what is -1111010101001 - 10?
-1111010101011
In base 3, what is 1222020022 - 2?
1222020020
In base 11, what is 4998 - 9?
498a
In base 14, what is 10248 + 10?
10258
In base 14, what is -40ad - -b0?
-3ddd
In base 15, what is -68c + -1?
-68d
In base 15, what is 103 + -253d?
-243a
In base 2, what is -100101110 + -10001?
-100111111
In base 9, what is 5 + -10176?
-10171
In base 14, what is 5 - -34439?
34440
In base 3, what is 121220 + -2122?
112021
In base 9, what is 41 - -48244?
48285
In base 8, what is -16 - 4051?
-4067
In base 11, what is 875 + -33?
842
In base 11, what is 11 + 6893?
68a4
In base 3, what is -111020 + 101?
-110212
In base 8, what is 62 - -231?
313
In base 11, what is -a865 + -a6?
-a960
In base 9, what is -1153410 - -5?
-1153404
In base 6, what is -24 - 1210412?
-1210440
In base 3, what is 11012 - 100112?
-12100
In base 8, what is -22 - 10573?
-10615
In base 10, what is 73963 - 1?
73962
In base 3, what is 12 - -12121221?
12122010
In base 11, what is -3 + 198a73?
198a70
In base 2, what is 110000000 + 1010010?
111010010
In base 6, what is -50304 + 10?
-50254
In base 3, what is 2 + -1112221021002?
-1112221021000
In base 10, what is -4969 - 2?
-4971
In base 11, what is -53963 + -a?
-53972
In base 15, what is 9c4 + -a61?
-8c
In base 2, what is -11110 + 101010?
1100
In base 5, what is -3230 + -3404?
-12134
In base 13, what is 99 - 513?
-447
In base 16, what is f8 - 161b?
-1523
In base 13, what is 0 - -3510?
3510
In base 16, what is -557b5 + 0?
-557b5
In base 9, what is 11614 - 5?
11608
In base 8, what is 14720 - -265?
15205
In base 8, what is -6251 - 5?
-6256
In base 4, what is -20 + 1020021032?
1020021012
In base 9, what is 6016 + -826?
5080
In base 5, what is -1410 - 1213020?
-1214430
In base 14, what is 8 + -5074?
-506a
In base 6, what is 23240 + 4513?
32153
In base 3, what is -12111112 + 221021?
-11120021
In base 3, what is -10000 + -1122020?
-1202020
In base 13, what is 28342 + -2?
28340
In base 7, what is 20421410 - -4?
20421414
In base 14, what is 2 + 78ca7?
78ca9
In base 11, what is 90 + -472?
-392
In base 7, what is -111645 + 3?
-111642
In base 8, what is 34 + 2266?
2322
In base 8, what is 143 - -46205?
46350
In base 4, what is 11030 - -1112123?
1123213
In base 10, what is -81 + 71?
-10
In base 2, what is 1001 + -10011111011?
-10011110010
In base 9, what is -52554 - -1?
-52553
In base 5, what is -1021333 + -33?
-1021421
In base 3, what is 1012021 + -1021?
1011000
In base 8, what is 137 + 357?
516
In base 8, what is 17123 - -13?
17136
In base 6, what is 14052 - -112?
14204
In base 10, what is -147342 - 2?
-147344
In base 8, what is -1337403 + 5?
-1337376
In base 16, what is -1c8a + 6a?
-1c20
In base 10, what is 430 + -191?
239
In base 7, what is -21630 - -51?
-21546
In base 10, what is 115 - -54?
169
In base 8, what is 3 + 1052273?
1052276
In base 9, what is 80782 - 24?
80757
In base 10, what is -653113 + -1?
-653114
In base 5, what is 422011 - 2?
422004
In base 4, what is -2230113230 + 1?
-2230113223
In base 12, what is 444 - -5b0?
a34
In base 11, what is -89a7 + -5?
-8a01
In base 12, what is 319 + -34?
2a5
In base 12, what is -1868 - -23?
-1845
In base 11, what is -270 + -47?
-307
In base 15, what is 3d95 - 30?
3d65
In base 9, what is 54 + -70?
-15
In base 10, what is 80 + -1590?
-1510
In base 2, what is 1000011 - -1011101?
10100000
In base 10, what is -296 - 1229?
-1525
In base 4, what is -2203 - -102?
-2101
In base 16, what is -2 + 1876b?
18769
In base 12, what is a - b247a?
-b2470
In base 16, what is -4c09c - 2?
-4c09e
In base 2, what is -11110111 - 110110111?
-1010101110
In base 3, what is -1121 + -1022102201?
-1022111022
In base 7, what is -26304163 + -4?
-26304200
In base 11, what is 2694 - -130?
2814
In base 13, what is 1b3a - -3?
1b40
In base 9, what is -1032 + 284?
-637
In base 14, what is -704a7 - b?
-704b4
In base 15, what is -1 - 12881?
-12882
In base 5, what is 42203213 + 1?
42203214
In base 13, what is 5 + 49aab?
49ab3
In base 14, what is -1a5 - -121?
-84
In base 15, what is -53 - -18cc?
1879
In base 13, what is -3 + -9208?
-920b
In base 3, what is -200000021 + -12?
-200000110
In base 2, what is -100000011 - 10011000?
-110011011
In base 7, what is 4 + -316266?
-316262
In base 16, what is 17 + e?
25
In base 9, what is 11651 + -4?
11646
In base 10, what is -117 + 10532?
10415
In base 6, what is -1414 + 233?
-1141
In base 14, what is 29d + 74?
333
In base 6, what is 15115 - 142?
14533
In base 12, what is -13 + 4a670?
4a659
In base 8, what is 1 - -65540?
65541
In base 11, what is 40 - 55a2?
-5562
In base 6, what is -1434244 + 20?
-1434224
In base 16, what is 139de - 3?
139db
In base 16, what is -5 - -1988?
1983
In base 10, what is 53688 + 1?
53689
In base 4, what is 2202331 + -10?
2202321
In base 2, what is -11001110001110100 + -101?
-11001110001111001
In base 12, wh